 is f(51)?
-785
Let w(d) = -1125*d + 101242. Calculate w(90).
-8
Let h(d) = 3*d**2 + 445*d + 1103. Give h(-146).
81
Let b(q) = q**3 - 733*q**2 + 5814*q - 84. What is b(8)?
28
Let n(a) = -95*a**2 + 1558*a + 2737. Determine n(18).
1
Let i(y) = -y**3 + 4*y**2 + 3058*y - 38216. What is i(13)?
17
Let c(n) = -13922*n - 542966. Calculate c(-39).
-8
Let l(i) = 1390*i + 172359. What is l(-124)?
-1
Let g(k) = 7*k**2 - 5744*k + 11493. What is g(2)?
33
Let r(q) = q**3 + 132*q**2 + 1403*q - 1910. Give r(-13).
-38
Let s(f) = -7155*f - 64397. Determine s(-9).
-2
Let p(k) = k**3 - 810*k + 22. Give p(0).
22
Let k(c) = -c**3 + c**2 + 45*c - 404. Calculate k(10).
-854
Let z(i) = -8*i**2 + 2032*i - 86392. Give z(54).
8
Let y(i) = 2*i**3 + 66*i**2 - i + 23. Calculate y(-33).
56
Let r(d) = 127*d + 10187. Give r(-80).
27
Let w(s) = 11190*s - 470086. Determine w(42).
-106
Let k(o) = 2*o**2 + 79*o + 1672. Determine k(-35).
1357
Let j(d) = -2715*d - 200889. What is j(-74)?
21
Let p(l) = 1141*l + 292109. Determine p(-256).
13
Let g(x) = -79*x - 1440. Calculate g(-15).
-255
Let v(s) = -s**2 - 133*s + 181. Determine v(-139).
-653
Let p(f) = -28284*f - 282750. Calculate p(-10).
90
Let g(p) = -7*p**3 + p**2 + 281*p - 1900. Determine g(7).
-2285
Let z(v) = v**2 + 18*v + 189. Give z(-16).
157
Let j(r) = 10*r**2 + 530*r + 921. Give j(-48).
-1479
Let u(m) = 19*m**2 - 100*m - 866. Determine u(-10).
2034
Let w(j) = 10*j**2 + 1389*j + 10277. Give w(-8).
-195
Let n(w) = -57*w - 8260. Calculate n(-145).
5
Let s(p) = 2851*p + 88345. Give s(-31).
-36
Let z(t) = t**2 - 979*t + 7758. Calculate z(8).
-10
Let o(f) = -45838*f**2 - 366853*f - 1193. Calculate o(-8).
-1
Let d(m) = m**2 - 3749*m + 41363. Give d(11).
245
Let j(i) = -1997*i - 1978. Determine j(-1).
19
Let u(o) = 4305*o - 21123. Determine u(5).
402
Let i(r) = -9*r**2 - 210*r - 108. Give i(-21).
333
Let r(y) = y**3 + 26*y**2 + 152*y - 558. What is r(-13)?
-337
Let r(a) = -2*a**3 + 62*a**2 - 464*a + 3070. Give r(24).
-2
Let q(m) = m**3 - 24*m**2 + 8019*m - 167069. Calculate q(21).
7
Let q(d) = 7*d**3 - 50*d**2 + 595*d - 4126. Give q(7).
-10
Let h(x) = x**3 + 23*x**2 + 91*x - 172. Determine h(-21).
-1201
Let f(o) = 19542*o - 156332. Determine f(8).
4
Let t(a) = -613*a - 6321. What is t(-10)?
-191
Let j(r) = 432*r**3 + 22462*r**2 - 109*r - 261. Calculate j(-52).
-1
Let d(t) = t**3 + 109*t**2 - 255*t - 1594. Give d(-111).
2069
Let f(j) = -628*j - 1875. Determine f(-3).
9
Let s(k) = 881*k - 2186. Determine s(5).
2219
Let i(x) = -15*x**2 + 755*x + 434. Calculate i(50).
684
Let m(d) = -976*d**2 + 2962*d - 89. Give m(3).
13
Let d(o) = -49*o**2 - 1283*o + 5915. What is d(4)?
-1
Let v(q) = 20173*q - 827091. Give v(41).
2
Let l(m) = -42*m**2 - 934*m - 6155. Calculate l(-8).
-1371
Let z(j) = 138*j**3 + 57*j**2 + 21*j + 1. What is z(-2)?
-917
Let h(s) = 168941*s - 1013616. Calculate h(6).
30
Let i(y) = 8*y**2 + 194*y + 121. Give i(-14).
-1027
Let g(n) = -n**3 + 149*n**2 + 105*n - 15318. Give g(149).
327
Let n(h) = -61*h**2 - 3573*h - 1942. What is n(-58)?
88
Let i(l) = 11*l**3 + 7*l**2 + 64*l + 339. Give i(-5).
-1181
Let h(i) = i**3 - 53*i**2 - 38*i + 7111. Determine h(51).
-29
Let t(i) = 63*i**2 - 1306*i + 6539. Give t(5).
1584
Let s(x) = -23*x**2 - 215*x + 567. Calculate s(-9).
639
Let o(b) = 12917*b - 3048416. Give o(236).
-4
Let o(x) = x**3 - 36*x**2 - 47*x + 597. What is o(37)?
227
Let r(m) = -m**3 - 63*m**2 + 1657*m - 163. Determine r(-83).
86
Let d(t) = 3*t**3 + 694*t**2 + 256*t + 5799. Calculate d(-231).
24
Let u(j) = 43*j**2 + 9*j - 574. Determine u(-4).
78
Let f(q) = 76*q**2 - 10374*q - 5210. Determine f(137).
-4
Let w(k) = -2904*k + 174376. Calculate w(60).
136
Let o(f) = f**3 + 1198*f**2 - 3487*f + 139307. What is o(-1201)?
-9
Let p(m) = 39106*m + 2385471. Calculate p(-61).
5
Let w(k) = k**2 + 14*k - 853. What is w(24)?
59
Let l(i) = 34656*i + 51464155. Calculate l(-1485).
-5
Let x(t) = 17*t**2 + 6258*t - 56923. Calculate x(-377).
4
Let c(u) = -4*u**3 - 1423*u**2 + 331*u - 10654. Give c(-356).
-1754
Let a(t) = -3133*t + 1933057. Determine a(617).
-4
Let d(p) = -37*p**2 + 3530*p - 1428. Calculate d(95).
-3
Let q(g) = 404681*g + 5665550. Determine q(-14).
16
Let w(n) = -n**3 + 27*n**2 - 8*n + 259. Determine w(29).
-1655
Let c(g) = 3*g**2 + 3094*g + 24820. Give c(-8).
260
Let t(n) = -n**2 + 1360*n + 38691. Calculate t(-28).
-173
Let o(y) = 935618*y + 19. Determine o(0).
19
Let f(y) = -84*y - 6151. What is f(-74)?
65
Let h(r) = 51787*r + 517889. Give h(-10).
19
Let l(m) = m**3 - 4*m**2 + 51*m - 361. What is l(6)?
17
Let w(l) = 20385*l + 101905. What is w(-5)?
-20
Let w(v) = -1220*v - 658826. What is w(-540)?
-26
Let m(t) = -t**2 - 23859*t - 309984. What is m(-13)?
14
Let c(x) = -1925*x - 26456. What is c(-13)?
-1431
Let x(a) = a**2 + 6323*a + 44217. Give x(-7).
5
Let a(x) = -1097*x + 33152. Calculate a(30).
242
Let j(y) = 145*y**2 - 735*y - 18141. Calculate j(14).
-11
Let r(s) = 364*s - 33816. Determine r(93).
36
Let r(j) = -17*j**2 + 2839*j + 36519. What is r(179)?
3
Let s(x) = -1625*x - 15065. Calculate s(-9).
-440
Let x(j) = 233*j - 3067. Calculate x(18).
1127
Let n(w) = -w**3 - w**2 - 191*w - 750. Determine n(-4).
62
Let v(q) = -14190*q + 1121130. Give v(79).
120
Let w(a) = -42*a**2 + 3628*a - 20260. Calculate w(6).
-4
Let y(v) = v**3 + 89*v**2 - 172*v - 7629. What is y(-90)?
-249
Let g(d) = -469*d**2 - 152*d + 151. What is g(1)?
-470
Let p(w) = 1942*w - 89342. Calculate p(46).
-10
Let h(q) = -24*q**3 + 2*q**2 + 506*q - 509. Give h(1).
-25
Let o(u) = -108*u + 13588. Determine o(132).
-668
Let l(r) = -r**3 + 32*r**2 - 196*r - 163. Determine l(18).
845
Let u(s) = -s**3 + 13*s**2 + 36*s - 230. What is u(14)?
78
Let o(x) = -2074*x - 690678. Give o(-333).
-36
Let f(g) = -15*g**2 - 5518*g - 42490. Calculate f(-360).
-10
Let m(a) = -257419*a + 2831629. Give m(11).
20
Let l(a) = 6*a**2 - 1974*a + 111028. Calculate l(72).
4
Let z(w) = 15021*w + 255358. What is z(-17)?
1
Let t(o) = -2299*o - 10080. Determine t(-4).
-884
Let p(i) = -535*i - 13597. What is p(-33)?
4058
Let a(f) = -35*f**2 - 1314*f + 6454. What is a(-42)?
-98
Let c(h) = h**3 - 10*h**2 + 59*h + 385. What is c(8)?
729
Let z(a) = 81*a + 3132. Give z(-34).
378
Let t(g) = -g**3 - 11*g**2 + 251*g + 1788. Determine t(-16).
-948
Let h(c) = -c**3 + 747*c**2 - 19404*c - 982. Determine h(27).
-10
Let c(p) = 430*p**3 + 403*p**2 - 17*p - 11. Calculate c(-1).
-21
Let h(x) = 2*x**3 - 166*x**2 + 631*x - 1. Calculate h(79).
-80
Let q(s) = -210*s + 86105. What is q(410)?
5
Let y(b) = -22*b**2 + 11650*b + 23288. Calculate y(-2).
-100
Let s(v) = -4*v**3 - 772*v**2 - 30*v - 5760. Give s(-193).
30
Let l(x) = 8*x**3 + 20*x**2 - 26*x + 62. Give l(4).
790
Let y(w) = 3*w**3 + 471*w**2 - 3837*w - 55. Calculate y(8).
929
Let z(c) = -44*c**2 + 32*c + 140. What is z(-5)?
-1120
Let j(q) = 3548*q + 7001. What is j(-2)?
-95
Let x(c) = -8*c**3 + 431*c**2 + 466*c + 1589. What is x(55)?
-6
Let g(x) = 2714*x - 40685. Give g(15).
25
Let j(k) = 5341*k - 2371424. Determine j(444).
-20
Let u(q) = q**2 - 156*q + 784. Calculate u(168).
2800
Let u(c) = 39489*c**2 - 947736*c - 4. What is u(24)?
-4
Let z(m) = -m**3 + 61*m**2 + 183*m - 3410. Calculate z(63).
181
Let n(k) = 7*k**2 - 28327*k - 28324. Determine n(-1).
10
Let t(s) = 2929*s + 69957. Calculate t(-24).
-339
Let w(h) = -47359*h - 237151. What is w(-5)?
-356
Let b(a) = 7*a**3 + 11*a**2 + 31*a + 93. What is b(-5)?
-662
Let r(l) = -3736*l - 3280213. Calculate r(-878).
-5
Let a(h) = -454*h - 16836. What is a(-37)?
-38
Let x(z) = 600*z**2 - 71*z - 69. What is x(-1)?
602
Let i(w) = 12707*w - 673464. Give i(53).
7
Let x(o) = -1702*o**2 + 3391*o + 9. What is x(2)?
-17
Let p(m) = m**2 - 35304*m + 3941517. What is p(112)?
13
Let y(s) = -10420*s - 2511197. Determine y(-241).
23
Let p(s) = 948*s - 7634. What is p(8)?
-50
Let r(m) = -11*m**2 + 22*m - 34. What is r(6)?
-298
Let s(c) = -c**3 - 1225*c**2 + 2954*c - 896445. What is s(-1228)?
-5
Let a(o) = o**3 + 33*o**2 + 12*o + 2444. Give a(-32).
3084
Let z(u) = 3345*u - 3746401. Determine z(1120).
-1
Let s(n) = -106251*n - 318748. Determine s(-3).
5
Let y(b) = -1308*b - 14484. Calculate y(-11).
-96
Let k(r) = -3*r**2 - 322*r + 8117. Determine k(27).
-2764
Let u(i) = -386*i**2 - 2033*i - 2034. Determine u(-1).
-387
Let o(m) =